{"id":765,"date":"2021-07-24T16:37:55","date_gmt":"2021-07-24T19:37:55","guid":{"rendered":"http:\/\/sindifeira.org.br\/?page_id=765"},"modified":"2025-01-08T12:29:39","modified_gmt":"2025-01-08T15:29:39","slug":"filiar-se-2","status":"publish","type":"page","link":"https:\/\/sindifeira.org.br\/index.php\/filiar-se-2\/","title":{"rendered":"Filiar-se"},"content":{"rendered":"\r\n<p>Para Filiar-se preencha o formul\u00e1rio a baixo, p\u00f3s o recebimento das informa\u00e7\u00f5es retornaremos contato, em caso de aprova\u00e7\u00e3o de sua filia\u00e7\u00e3o ser\u00e1 emitido a sua guia sindical \u00fanica anual, a qual voc\u00ea receder\u00e1 atraves do e-mail fornecido no ato de seu cadastro, atualmento no valor de 260,00\u00a0<\/p>\r\n\r\n\r\n\r\n<p><iframe loading=\"lazy\" src=\"https:\/\/sindifeira.org.br\/Sis_Map\/index.php\/mine\/cadastrar\" width=\"1280\" height=\"640\"><\/iframe><\/p>\r\n\r\n\r\n\r\n<p>&nbsp;<\/p>\r\n","protected":false},"excerpt":{"rendered":"<p>Pagina de filia\u00e7\u00e3o so sindicado dos feirantes do distrito federal.<\/p>\n","protected":false},"author":1,"featured_media":1894,"parent":0,"menu_order":0,"comment_status":"closed","ping_status":"closed","template":"","meta":{"advgb_blocks_editor_width":"","advgb_blocks_columns_visual_guide":"","footnotes":""},"class_list":["post-765","page","type-page","status-publish","has-post-thumbnail","hentry"],"coauthors":[],"author_meta":{"author_link":"https:\/\/sindifeira.org.br\/author\/orlandopassos\/","display_name":"OrlandoPassos"},"relative_dates":{"created":"Publicado 5 anos atr\u00e1s","modified":"Atualizado 1 ano atr\u00e1s"},"absolute_dates":{"created":"Publicado em 24 de julho de 2021","modified":"Atualizado em 8 de janeiro de 2025"},"absolute_dates_time":{"created":"Publicado em 24 de julho de 2021 16:37","modified":"Atualizado em 8 de janeiro de 2025 12:29"},"featured_img_caption":"Ccontribua com seu sindicato!","featured_img":"https:\/\/sindifeira.org.br\/wp-content\/uploads\/2023\/10\/slide1.jpg","series_order":"","_links":{"self":[{"href":"https:\/\/sindifeira.org.br\/index.php\/wp-json\/wp\/v2\/pages\/765","targetHints":{"allow":["GET"]}}],"collection":[{"href":"https:\/\/sindifeira.org.br\/index.php\/wp-json\/wp\/v2\/pages"}],"about":[{"href":"https:\/\/sindifeira.org.br\/index.php\/wp-json\/wp\/v2\/types\/page"}],"author":[{"embeddable":true,"href":"https:\/\/sindifeira.org.br\/index.php\/wp-json\/wp\/v2\/users\/1"}],"replies":[{"embeddable":true,"href":"https:\/\/sindifeira.org.br\/index.php\/wp-json\/wp\/v2\/comments?post=765"}],"version-history":[{"count":7,"href":"https:\/\/sindifeira.org.br\/index.php\/wp-json\/wp\/v2\/pages\/765\/revisions"}],"predecessor-version":[{"id":2262,"href":"https:\/\/sindifeira.org.br\/index.php\/wp-json\/wp\/v2\/pages\/765\/revisions\/2262"}],"wp:featuredmedia":[{"embeddable":true,"href":"https:\/\/sindifeira.org.br\/index.php\/wp-json\/wp\/v2\/media\/1894"}],"wp:attachment":[{"href":"https:\/\/sindifeira.org.br\/index.php\/wp-json\/wp\/v2\/media?parent=765"}],"curies":[{"name":"wp","href":"https:\/\/api.w.org\/{rel}","templated":true}]}}