{"id":1218,"date":"2022-05-21T10:58:57","date_gmt":"2022-05-21T13:58:57","guid":{"rendered":"https:\/\/sindifeira.org.br\/?page_id=1218"},"modified":"2025-08-11T15:04:22","modified_gmt":"2025-08-11T18:04:22","slug":"convenios","status":"publish","type":"page","link":"https:\/\/sindifeira.org.br\/index.php\/convenios\/","title":{"rendered":"Conv\u00eanios"},"content":{"rendered":"<h2 align=\"center\"><b>\u00a0Voc\u00ea j\u00e1 \u00e9 Filiado ao SindiFeira-DF? Conhe\u00e7a a nossa rede de Conv\u00eanios!<\/b><\/h2>\n<h3><strong style=\"font-size: 16px;\"><br \/>\nHospitais<\/strong><\/h3>\n<div align=\"center\">\n<table border=\"0\" width=\"100%\">\n<tbody>\n<tr>\n<td align=\"center\"><img decoding=\"async\" class=\"aligncenter\" src=\"http:\/\/sindifeira.org.br\/wp-content\/uploads\/2022\/05\/images-e1653143277210.jpg\" alt=\"\" title=\"\"><\/td>\n<td align=\"center\"><img decoding=\"async\" class=\"aligncenter\" src=\"http:\/\/sindifeira.org.br\/wp-content\/uploads\/2022\/05\/logo-small.png\" alt=\"\" title=\"\"><\/td>\n<\/tr>\n<tr>\n<td align=\"center\"><img decoding=\"async\" class=\"aligncenter\" src=\"http:\/\/sindifeira.org.br\/wp-content\/uploads\/2022\/05\/DlQG6ikXoAAGc8f-e1653143299105.jpg\" alt=\"\" title=\"\"><\/td>\n<td align=\"center\"><img decoding=\"async\" class=\"aligncenter\" src=\"http:\/\/sindifeira.org.br\/wp-content\/uploads\/2022\/05\/download_.png\" alt=\"\" title=\"\"><\/td>\n<\/tr>\n<\/tbody>\n<\/table>\n<\/div>\n<h3><b>Laborat\u00f3rios<\/b><strong>\u00a0e Clinicas Medias<\/strong><\/h3>\n<div id='gallery-1' class='gallery galleryid-1218 gallery-columns-2 gallery-size-full'><figure class='gallery-item'>\n\t\t\t<div class='gallery-icon landscape'>\n\t\t\t\t<img loading=\"lazy\" decoding=\"async\" width=\"1086\" height=\"664\" src=\"https:\/\/sindifeira.org.br\/wp-content\/uploads\/2025\/04\/padrao-centro-medico-e-diagnostico-logo.png\" class=\"attachment-full size-full\" alt=\"\" srcset=\"https:\/\/sindifeira.org.br\/wp-content\/uploads\/2025\/04\/padrao-centro-medico-e-diagnostico-logo.png 1086w, https:\/\/sindifeira.org.br\/wp-content\/uploads\/2025\/04\/padrao-centro-medico-e-diagnostico-logo-300x183.png 300w, https:\/\/sindifeira.org.br\/wp-content\/uploads\/2025\/04\/padrao-centro-medico-e-diagnostico-logo-1024x626.png 1024w, https:\/\/sindifeira.org.br\/wp-content\/uploads\/2025\/04\/padrao-centro-medico-e-diagnostico-logo-768x470.png 768w\" sizes=\"auto, (max-width: 1086px) 100vw, 1086px\" title=\"\">\n\t\t\t<\/div><\/figure><figure class='gallery-item'>\n\t\t\t<div class='gallery-icon landscape'>\n\t\t\t\t<img loading=\"lazy\" decoding=\"async\" width=\"225\" height=\"225\" src=\"https:\/\/sindifeira.org.br\/wp-content\/uploads\/2025\/04\/exame.png\" class=\"attachment-full size-full\" alt=\"\" srcset=\"https:\/\/sindifeira.org.br\/wp-content\/uploads\/2025\/04\/exame.png 225w, https:\/\/sindifeira.org.br\/wp-content\/uploads\/2025\/04\/exame-150x150.png 150w\" sizes=\"auto, (max-width: 225px) 100vw, 225px\" title=\"\">\n\t\t\t<\/div><\/figure>\n\t\t<\/div>\n\n<div id='gallery-2' class='gallery galleryid-1218 gallery-columns-2 gallery-size-full'><figure class='gallery-item'>\n\t\t\t<div class='gallery-icon landscape'>\n\t\t\t\t<img loading=\"lazy\" decoding=\"async\" width=\"300\" height=\"168\" src=\"https:\/\/sindifeira.org.br\/wp-content\/uploads\/2025\/04\/sabin.png\" class=\"attachment-full size-full\" alt=\"\" title=\"\">\n\t\t\t<\/div><\/figure><figure class='gallery-item'>\n\t\t\t<div class='gallery-icon landscape'>\n\t\t\t\t<img loading=\"lazy\" decoding=\"async\" width=\"300\" height=\"170\" src=\"https:\/\/sindifeira.org.br\/wp-content\/uploads\/2025\/04\/visao.jpg\" class=\"attachment-full size-full\" alt=\"\" title=\"\">\n\t\t\t<\/div><\/figure>\n\t\t<\/div>\n\n<h3>Institui\u00e7\u00f5es<\/h3>\n<div align=\"center\">\n<table border=\"0\" width=\"100%\">\n<tbody>\n<tr>\n<td align=\"center\"><b><img decoding=\"async\" class=\"aligncenter\" src=\"http:\/\/sindifeira.org.br\/wp-content\/uploads\/2022\/05\/sesc-senac.png\" alt=\"\" title=\"\"><\/b><\/td>\n<td align=\"center\"><b><img decoding=\"async\" class=\"aligncenter\" src=\"http:\/\/sindifeira.org.br\/wp-content\/uploads\/2022\/05\/ubf.png\" alt=\"\" title=\"\"><\/b><\/td>\n<td align=\"center\"><b><img decoding=\"async\" class=\"aligncenter\" src=\"http:\/\/sindifeira.org.br\/wp-content\/uploads\/2022\/05\/iesb.png\" alt=\"\" title=\"\"><\/b><\/td>\n<\/tr>\n<tr>\n<td colspan=\"3\" align=\"center\"><img decoding=\"async\" class=\"alignnone wp-image-2515 size-large\" src=\"https:\/\/sindifeira.org.br\/wp-content\/uploads\/2025\/08\/WhatsApp-Image-2025-08-11-at-12.39.52-1024x849.png\" alt=\"\" width=\"auto\" height=\"auto\" title=\"\" srcset=\"https:\/\/sindifeira.org.br\/wp-content\/uploads\/2025\/08\/WhatsApp-Image-2025-08-11-at-12.39.52-1024x849.png 1024w, https:\/\/sindifeira.org.br\/wp-content\/uploads\/2025\/08\/WhatsApp-Image-2025-08-11-at-12.39.52-300x249.png 300w, https:\/\/sindifeira.org.br\/wp-content\/uploads\/2025\/08\/WhatsApp-Image-2025-08-11-at-12.39.52-768x637.png 768w, https:\/\/sindifeira.org.br\/wp-content\/uploads\/2025\/08\/WhatsApp-Image-2025-08-11-at-12.39.52-1536x1274.png 1536w, https:\/\/sindifeira.org.br\/wp-content\/uploads\/2025\/08\/WhatsApp-Image-2025-08-11-at-12.39.52.png 1577w\" sizes=\"(max-width: 1024px) 100vw, 1024px\" \/><\/p>\n<p><b><img decoding=\"async\" class=\"aligncenter\" src=\"http:\/\/sindifeira.org.br\/wp-content\/uploads\/2022\/05\/logo_oficial-e1653144099645.jpeg\" width=\"812\" height=\"auto\" alt=\"\" title=\"\"><\/b><\/td>\n<\/tr>\n<\/tbody>\n<\/table>\n<p><a href=\"https:\/\/sindifeira.org.br\/\">&lt; &#8211; SindiFeira \u2013 News<\/a> | vej\u00e1 tamb\u00e9m | <a href=\"https:\/\/sindifeira.org.br\/index.php\/feiras-do-distrito-federal-feira-permanente-feira-dos-importados-feira-livre-feira-organica\/\">Feiras do Distrito Federal &#8211; &gt;<\/a><\/p>\n<\/div>\n","protected":false},"excerpt":{"rendered":"<p>\u00a0Voc\u00ea j\u00e1 \u00e9 Filiado ao SindiFeira-DF? Conhe\u00e7a a nossa rede de Conv\u00eanios! Hospitais Laborat\u00f3rios\u00a0e Clinicas Medias Institui\u00e7\u00f5es &lt; &#8211; SindiFeira \u2013 News | vej\u00e1 tamb\u00e9m | Feiras do Distrito Federal &#8211; &gt;<\/p>\n","protected":false},"author":1,"featured_media":0,"parent":0,"menu_order":0,"comment_status":"closed","ping_status":"closed","template":"","meta":{"advgb_blocks_editor_width":"","advgb_blocks_columns_visual_guide":"","footnotes":""},"class_list":["post-1218","page","type-page","status-publish","hentry"],"coauthors":[],"author_meta":{"author_link":"https:\/\/sindifeira.org.br\/author\/orlandopassos\/","display_name":"OrlandoPassos"},"relative_dates":{"created":"Publicado 4 anos atr\u00e1s","modified":"Atualizado 8 meses atr\u00e1s"},"absolute_dates":{"created":"Publicado em 21 de maio de 2022","modified":"Atualizado em 11 de agosto de 2025"},"absolute_dates_time":{"created":"Publicado em 21 de maio de 2022 10:58","modified":"Atualizado em 11 de agosto de 2025 15:04"},"featured_img_caption":"","featured_img":false,"series_order":"","_links":{"self":[{"href":"https:\/\/sindifeira.org.br\/index.php\/wp-json\/wp\/v2\/pages\/1218","targetHints":{"allow":["GET"]}}],"collection":[{"href":"https:\/\/sindifeira.org.br\/index.php\/wp-json\/wp\/v2\/pages"}],"about":[{"href":"https:\/\/sindifeira.org.br\/index.php\/wp-json\/wp\/v2\/types\/page"}],"author":[{"embeddable":true,"href":"https:\/\/sindifeira.org.br\/index.php\/wp-json\/wp\/v2\/users\/1"}],"replies":[{"embeddable":true,"href":"https:\/\/sindifeira.org.br\/index.php\/wp-json\/wp\/v2\/comments?post=1218"}],"version-history":[{"count":35,"href":"https:\/\/sindifeira.org.br\/index.php\/wp-json\/wp\/v2\/pages\/1218\/revisions"}],"predecessor-version":[{"id":2516,"href":"https:\/\/sindifeira.org.br\/index.php\/wp-json\/wp\/v2\/pages\/1218\/revisions\/2516"}],"wp:attachment":[{"href":"https:\/\/sindifeira.org.br\/index.php\/wp-json\/wp\/v2\/media?parent=1218"}],"curies":[{"name":"wp","href":"https:\/\/api.w.org\/{rel}","templated":true}]}}